t are the prime factors of 32138833?
32138833
What are the prime factors of 110065?
5, 22013
List the prime factors of 506328.
2, 3, 17, 73
List the prime factors of 3099118.
2, 11, 140869
List the prime factors of 1456427.
7, 29723
What are the prime factors of 504047?
504047
What are the prime factors of 203692?
2, 50923
List the prime factors of 3442940.
2, 5, 172147
What are the prime factors of 575433?
3, 17, 3761
What are the prime factors of 22993208?
2, 7, 71, 5783
List the prime factors of 773210.
2, 5, 167, 463
List the prime factors of 64100.
2, 5, 641
List the prime factors of 1610453.
13, 73, 1697
List the prime factors of 630425.
5, 151, 167
List the prime factors of 18293007.
3, 31, 196699
List the prime factors of 16234927.
16234927
List the prime factors of 1147382.
2, 573691
List the prime factors of 840460.
2, 5, 42023
List the prime factors of 77901.
3, 23, 1129
What are the prime factors of 17725453?
67, 264559
What are the prime factors of 2920289?
2920289
List the prime factors of 830694.
2, 3, 138449
List the prime factors of 97598.
2, 48799
List the prime factors of 3283614.
2, 3, 182423
List the prime factors of 7083358.
2, 3541679
What are the prime factors of 32290362?
2, 3, 13, 137993
List the prime factors of 1895468.
2, 473867
What are the prime factors of 2280598?
2, 107, 10657
List the prime factors of 11619107.
137, 84811
What are the prime factors of 44993?
13, 3461
What are the prime factors of 12948701?
23, 562987
List the prime factors of 482833.
13, 2857
List the prime factors of 4744166.
2, 7, 107, 3167
What are the prime factors of 180649?
7, 131, 197
List the prime factors of 2974922.
2, 1487461
What are the prime factors of 762935?
5, 53, 2879
What are the prime factors of 10234147?
7, 11, 132911
List the prime factors of 1717825.
5, 68713
What are the prime factors of 622173?
3, 23, 71, 127
List the prime factors of 418477.
107, 3911
What are the prime factors of 376679?
376679
What are the prime factors of 142351?
11, 12941
What are the prime factors of 1810316?
2, 452579
List the prime factors of 1173368.
2, 7, 23, 911
What are the prime factors of 1746832?
2, 43, 2539
What are the prime factors of 1835591?
1835591
What are the prime factors of 872404?
2, 13, 19, 883
What are the prime factors of 11212711?
11212711
What are the prime factors of 23098?
2, 11549
What are the prime factors of 18912506?
2, 9456253
List the prime factors of 185450.
2, 5, 3709
What are the prime factors of 11145499?
11145499
What are the prime factors of 2867085?
3, 5, 13, 29
What are the prime factors of 20867?
7, 11, 271
What are the prime factors of 593993?
593993
What are the prime factors of 1278574?
2, 11, 89, 653
List the prime factors of 1793568.
2, 3, 7, 17, 157
List the prime factors of 2563281.
3, 7, 23, 29, 61
List the prime factors of 22063856.
2, 953, 1447
List the prime factors of 565079.
19, 29741
What are the prime factors of 1874077?
353, 5309
What are the prime factors of 1791053?
11, 162823
What are the prime factors of 1877575?
5, 7, 10729
What are the prime factors of 374171?
7, 53453
What are the prime factors of 236018?
2, 19, 6211
List the prime factors of 2612574.
2, 3, 16127
List the prime factors of 57043.
7, 29, 281
What are the prime factors of 4133081?
103, 40127
List the prime factors of 966365.
5, 17, 11369
What are the prime factors of 8706732?
2, 3, 337, 2153
What are the prime factors of 3382640?
2, 5, 42283
What are the prime factors of 70268?
2, 11, 1597
What are the prime factors of 18902690?
2, 5, 1890269
List the prime factors of 153988.
2, 137, 281
What are the prime factors of 7382?
2, 3691
List the prime factors of 15879607.
223, 71209
List the prime factors of 1419813.
3, 19, 23
List the prime factors of 1264360.
2, 5, 73, 433
What are the prime factors of 428975?
5, 17159
List the prime factors of 19928627.
2269, 8783
What are the prime factors of 2232351?
3, 11, 22549
List the prime factors of 1159340.
2, 5, 7, 13
What are the prime factors of 1648939?
23, 71693
List the prime factors of 671884.
2, 167971
What are the prime factors of 2132803?
17, 109, 1151
List the prime factors of 1280273.
191, 6703
What are the prime factors of 4022228?
2, 7, 143651
What are the prime factors of 2926442?
2, 1463221
What are the prime factors of 9852684?
2, 3, 821057
List the prime factors of 18767396.
2, 4691849
What are the prime factors of 30087820?
2, 5, 7, 214913
List the prime factors of 766649.
13, 17, 3469
What are the prime factors of 157899?
3, 7, 73, 103
What are the prime factors of 2384025?
3, 5, 7, 19, 239
List the prime factors of 1027297.
233, 4409
List the prime factors of 2693099.
181, 14879
What are the prime factors of 287303?
29, 9907
What are the prime factors of 1010145?
3, 5, 67343
What are the prime factors of 331298?
2, 11, 37
List the prime factors of 5373245.
5, 1074649
What are the prime factors of 6733867?
7, 961981
What are the prime factors of 112133?
7, 83, 193
What are the prime factors of 862741?
11, 107, 733
List the prime factors of 16873735.
5, 3374747
List the prime factors of 1494571.
13, 114967
List the prime factors of 361322.
2, 13, 1069
What are the prime factors of 473402?
2, 236701
List the prime factors of 20769.
3, 7, 23, 43
What are the prime factors of 12499137?
3, 7, 41, 1613
What are the prime factors of 145905?
3, 5, 71, 137
List the prime factors of 505672.
2, 31, 2039
List the prime factors of 11075139.
3, 1230571
List the prime factors of 124305.
3, 5, 8287
List the prime factors of 623036.
2, 29, 41, 131
List the prime factors of 24329403.
3, 7, 14303
What are the prime factors of 21020930?
2, 5, 7, 300299
What are the prime factors of 113344?
2, 7, 11, 23
List the prime factors of 16844216.
2, 157, 13411
What are the prime factors of 372460?
2, 5, 11, 1693
List the prime factors of 149063.
23, 6481
List the prime factors of 4242727.
163, 26029
What are the prime factors of 434291?
11, 13, 3037
What are the prime factors of 718702?
2, 43, 61, 137
List the prime factors of 420976.
2, 83, 317
List the prime factors of 24697286.
2, 12348643
What are the prime factors of 9966247?
467, 21341
What are the prime factors of 4775714?
2, 2387857
List the prime factors of 380969.
19, 20051
List the prime factors of 257556.
2, 3, 13, 127
List the prime factors of 3770781.
3, 7, 23, 37, 211
List the prime factors of 9596269.
499, 19231
What are the prime factors of 631333?
179, 3527
What are the prime factors of 950106?
2, 3, 158351
What are the prime factors of 9261545?
5, 263, 7043
List the prime factors of 173215.
5, 7, 101
What are the prime factors of 661384?
2, 47, 1759
List the prime factors of 450711.
3, 16693
List the prime factors of 114158.
2, 11, 5189
What are the prime factors of 15793889?
1031, 15319
List the prime factors of 4909254.
2, 3, 7, 179, 653
What are the prime factors of 170297?
19, 8963
List the prime factors of 724952.
2, 90619
List the prime factors of 702890.
2, 5, 70289
What are the prime factors of 1497134?
2, 748567
What are the prime factors of 1023240?
2, 3, 5, 8527
List the prime factors of 39912.
2, 3, 1663
List the prime factors of 463218.
2, 3, 7, 41, 269
List the prime factors of 368523.
3, 13649
What are the prime factors of 5077648?
2, 317353
List the prime factors of 149092.
2, 37273
What are the prime factors of 939587?
11, 229, 373
List the prime factors of 951349.
7, 19, 23, 311
List the prime factors of 400963.
400963
List the prime factors of 3260942.
2, 1630471
List the prime factors of 5869465.
5, 7, 23957
What are the prime factors of 9623101?
19, 506479
What are the prime factors of 1443086?
2, 449, 1607
What are the prime factors of 641022?
2, 3, 19, 5623
List the prime factors of 3228270.
2, 3, 5, 107609
What are the prime factors of 10411188?
2, 3, 83, 10453
What are the prime factors of 1197025?
5, 47881
List the prime factors of 857750.
2, 5, 47, 73
What are the prime factors of 171153?
3, 2113
What are the prime factors of 6230049?
3, 7, 296669
What are the prime factors of 259962?
2, 3, 37, 1171
What are the prime factors of 3419421?
3, 1139807
What are the prime factors of 3405459?
3, 229, 4957
What are the prime factors of 2649495?
3, 5, 173, 1021
What are the prime factors of 87940